{"id":142,"date":"2021-01-09T14:18:58","date_gmt":"2021-01-09T12:18:58","guid":{"rendered":"http:\/\/forssankeilahalli.fi\/Jape\/?page_id=142"},"modified":"2021-01-10T14:42:21","modified_gmt":"2021-01-10T12:42:21","slug":"sauna-ja-kokoustilat","status":"publish","type":"page","link":"https:\/\/forssankeilahalli.fi\/Jape\/sauna-ja-kokoustilat\/","title":{"rendered":"Sauna ja kokoustilat"},"content":{"rendered":"\t\t<div data-elementor-type=\"wp-page\" data-elementor-id=\"142\" class=\"elementor elementor-142\" data-elementor-settings=\"[]\">\n\t\t\t\t\t\t<div class=\"elementor-inner\">\n\t\t\t\t\t\t\t<div class=\"elementor-section-wrap\">\n\t\t\t\t\t\t\t<section class=\"elementor-section elementor-top-section elementor-element elementor-element-73ef5aa elementor-section-height-min-height elementor-section-boxed elementor-section-height-default elementor-section-items-middle\" data-id=\"73ef5aa\" data-element_type=\"section\" data-settings=\"{&quot;background_background&quot;:&quot;classic&quot;}\">\n\t\t\t\t\t\t\t<div class=\"elementor-background-overlay\"><\/div>\n\t\t\t\t\t\t\t<div class=\"elementor-container elementor-column-gap-default\">\n\t\t\t\t\t\t\t<div class=\"elementor-row\">\n\t\t\t\t\t<div class=\"elementor-column elementor-col-100 elementor-top-column elementor-element elementor-element-397ae15\" data-id=\"397ae15\" data-element_type=\"column\">\n\t\t\t<div class=\"elementor-column-wrap elementor-element-populated\">\n\t\t\t\t\t\t\t<div class=\"elementor-widget-wrap\">\n\t\t\t\t\t\t<div class=\"elementor-element elementor-element-bcb18be animated-slow elementor-invisible elementor-widget elementor-widget-heading\" data-id=\"bcb18be\" data-element_type=\"widget\" data-settings=\"{&quot;_animation&quot;:&quot;fadeIn&quot;}\" data-widget_type=\"heading.default\">\n\t\t\t\t<div class=\"elementor-widget-container\">\n\t\t\t<h2 class=\"elementor-heading-title elementor-size-default\">Kokoukset, syntt\u00e4rit, pikkujoulut tai ihan vain kaveriporukan saunailta!<\/h2>\t\t<\/div>\n\t\t\t\t<\/div>\n\t\t\t\t\t\t<\/div>\n\t\t\t\t\t<\/div>\n\t\t<\/div>\n\t\t\t\t\t\t\t\t<\/div>\n\t\t\t\t\t<\/div>\n\t\t<\/section>\n\t\t\t\t<section class=\"elementor-section elementor-top-section elementor-element elementor-element-87b740c elementor-section-boxed elementor-section-height-default elementor-section-height-default\" data-id=\"87b740c\" data-element_type=\"section\">\n\t\t\t\t\t\t<div class=\"elementor-container elementor-column-gap-default\">\n\t\t\t\t\t\t\t<div class=\"elementor-row\">\n\t\t\t\t\t<div class=\"elementor-column elementor-col-100 elementor-top-column elementor-element elementor-element-2bf13ce\" data-id=\"2bf13ce\" data-element_type=\"column\">\n\t\t\t<div class=\"elementor-column-wrap elementor-element-populated\">\n\t\t\t\t\t\t\t<div class=\"elementor-widget-wrap\">\n\t\t\t\t\t\t<section class=\"elementor-section elementor-inner-section elementor-element elementor-element-0633ff5 elementor-section-boxed elementor-section-height-default elementor-section-height-default\" data-id=\"0633ff5\" data-element_type=\"section\">\n\t\t\t\t\t\t<div class=\"elementor-container elementor-column-gap-default\">\n\t\t\t\t\t\t\t<div class=\"elementor-row\">\n\t\t\t\t\t<div class=\"elementor-column elementor-col-50 elementor-inner-column elementor-element elementor-element-2df7a20\" data-id=\"2df7a20\" data-element_type=\"column\">\n\t\t\t<div class=\"elementor-column-wrap elementor-element-populated\">\n\t\t\t\t\t\t\t<div class=\"elementor-widget-wrap\">\n\t\t\t\t\t\t<div class=\"elementor-element elementor-element-eb37718 elementor-widget elementor-widget-text-editor\" data-id=\"eb37718\" data-element_type=\"widget\" data-widget_type=\"text-editor.default\">\n\t\t\t\t<div class=\"elementor-widget-container\">\n\t\t\t\t\t<div class=\"elementor-text-editor elementor-clearfix\"><p>Saunakabinetti ja sauna muodostavat mainiot tilat illanvietolle. Tiloihin sopii noin 30 henke\u00e4. Saunan aukiolo ei ole sidottu hallin aukioloon, vaan kaikki on joustavasti sovittavissa. Meill\u00e4 on oma syntt\u00e4rihuone, jossa lapset voivat pit\u00e4\u00e4 juhlat.\u00a0<span style=\"font-size: 14px;\">Syntt\u00e4rihuone muuntuu tarvittaessa kokous- \/ koulutustilaksi.<\/span><\/p><\/div>\n\t\t\t\t<\/div>\n\t\t\t\t<\/div>\n\t\t\t\t<div class=\"elementor-element elementor-element-e1f3a64 elementor-widget elementor-widget-heading\" data-id=\"e1f3a64\" data-element_type=\"widget\" data-widget_type=\"heading.default\">\n\t\t\t\t<div class=\"elementor-widget-container\">\n\t\t\t<h2 class=\"elementor-heading-title elementor-size-default\">HINNASTO<\/h2>\t\t<\/div>\n\t\t\t\t<\/div>\n\t\t\t\t<div class=\"elementor-element elementor-element-e13d6e9 elementor-widget elementor-widget-text-editor\" data-id=\"e13d6e9\" data-element_type=\"widget\" data-widget_type=\"text-editor.default\">\n\t\t\t\t<div class=\"elementor-widget-container\">\n\t\t\t\t\t<div class=\"elementor-text-editor elementor-clearfix\"><p>Saunan vuokra<strong> 290\u20ac\/ilta.<\/strong><br \/>Jos yhdist\u00e4t saunomiseen keilailun tai tilaat ruoan hallilta <strong>180\u20ac\/ilta<\/strong>.<br \/>Saunakabinettia mahdollisuus vuokrata kokoustiloiksi <strong>20\u20ac\/h<\/strong>. Ei koske pe-la iltoja.<\/p><\/div>\n\t\t\t\t<\/div>\n\t\t\t\t<\/div>\n\t\t\t\t<div class=\"elementor-element elementor-element-aaef0ef elementor-widget elementor-widget-heading\" data-id=\"aaef0ef\" data-element_type=\"widget\" data-widget_type=\"heading.default\">\n\t\t\t\t<div class=\"elementor-widget-container\">\n\t\t\t<h2 class=\"elementor-heading-title elementor-size-default\">VIET\u00c4 SAUNAILTA KAVERI- TAI TY\u00d6PORUKASSA<\/h2>\t\t<\/div>\n\t\t\t\t<\/div>\n\t\t\t\t<div class=\"elementor-element elementor-element-42f72c9 elementor-widget elementor-widget-text-editor\" data-id=\"42f72c9\" data-element_type=\"widget\" data-widget_type=\"text-editor.default\">\n\t\t\t\t<div class=\"elementor-widget-container\">\n\t\t\t\t\t<div class=\"elementor-text-editor elementor-clearfix\"><p>Meill\u00e4 on mainiot tilat erilaisille illanvietoille yst\u00e4v\u00e4piirin tai ty\u00f6porukan kanssa. Biljardikisan lis\u00e4ksi voit keilata tai varata saunan ja saunakabinetin sek\u00e4 nauttia maukkaat grilliherkut ravintolastamme. <strong>Kysy tarjousta r\u00e4\u00e4t\u00e4l\u00f6idyst\u00e4 illanviettopaketista!<\/strong><\/p><\/div>\n\t\t\t\t<\/div>\n\t\t\t\t<\/div>\n\t\t\t\t<div class=\"elementor-element elementor-element-7bd67f5 elementor-widget elementor-widget-heading\" data-id=\"7bd67f5\" data-element_type=\"widget\" data-widget_type=\"heading.default\">\n\t\t\t\t<div class=\"elementor-widget-container\">\n\t\t\t<h2 class=\"elementor-heading-title elementor-size-default\">HALLIN MENU<\/h2>\t\t<\/div>\n\t\t\t\t<\/div>\n\t\t\t\t<div class=\"elementor-element elementor-element-5a49580 elementor-widget elementor-widget-text-editor\" data-id=\"5a49580\" data-element_type=\"widget\" data-widget_type=\"text-editor.default\">\n\t\t\t\t<div class=\"elementor-widget-container\">\n\t\t\t\t\t<div class=\"elementor-text-editor elementor-clearfix\"><p><strong>Pizzapelti (2 t\u00e4ytett\u00e4) ja vihersalaatti (L) 28<span style=\"font-family: Montserrat, sans-serif; font-size: 14px; font-style: normal; font-variant-ligatures: normal; font-variant-caps: normal;\">\u20ac<\/span><span style=\"font-family: Montserrat, sans-serif; font-size: 14px; font-style: normal; font-variant-ligatures: normal; font-variant-caps: normal;\">\/hl\u00f6<\/span><\/strong><\/p><ul><li>T\u00e4ytevaihtoehdot: kinkku, jauheliha, kebab, kana, tonnikala, jalopeno, sipuli, paprika, ananas, herkkusieni, tomaatti<\/li><li>oregano, valkosipuli<\/li><\/ul><p><strong>Kinkku\/kebab\/broilerikiusaus ja vihersalaatti (G, L) 10.90<span style=\"font-family: Montserrat, sans-serif; font-size: 14px; font-style: normal; font-variant-ligatures: normal; font-variant-caps: normal;\">\u20ac<\/span><span style=\"font-family: Montserrat, sans-serif; font-size: 14px; font-style: normal; font-variant-ligatures: normal; font-variant-caps: normal;\">\/hl\u00f6<\/span><\/strong><\/p><p><strong>Tomaattinen kasvisvuoka ja vihersalaatti (G, L) 10.90<span style=\"font-family: Montserrat, sans-serif; font-size: 14px; font-style: normal; font-variant-ligatures: normal; font-variant-caps: normal;\">\u20ac<\/span><span style=\"font-family: Montserrat, sans-serif; font-size: 14px; font-style: normal; font-variant-ligatures: normal; font-variant-caps: normal;\">\/hl\u00f6<\/span><\/strong><\/p><ul><li>perunaa, tomaattia kasviksia<\/li><\/ul><p><strong>Talon lihapy\u00f6ryk\u00e4t ja pastasalaatti (L) 10.90<span style=\"font-family: Montserrat, sans-serif; font-size: 14px; font-style: normal; font-variant-ligatures: normal; font-variant-caps: normal;\">\u20ac<\/span><span style=\"font-family: Montserrat, sans-serif; font-size: 14px; font-style: normal; font-variant-ligatures: normal; font-variant-caps: normal;\">\/hl\u00f6<\/span><\/strong><\/p><p><strong>Broileri\/tonnikala\/kinkku pastasalaatti ja vihersalaatti (L) 10.90<span style=\"font-family: Montserrat, sans-serif; font-size: 14px; font-style: normal; font-variant-ligatures: normal; font-variant-caps: normal;\">\u20ac<\/span><span style=\"font-family: Montserrat, sans-serif; font-size: 14px; font-style: normal; font-variant-ligatures: normal; font-variant-caps: normal;\">\/hl\u00f6<\/span><\/strong><\/p><p><strong>Talon lihapy\u00f6ryk\u00e4t ja vihersalaatti (L) 10.90<span style=\"font-family: Montserrat, sans-serif; font-size: 14px; font-style: normal; font-variant-ligatures: normal; font-variant-caps: normal;\">\u20ac<\/span><span style=\"font-family: Montserrat, sans-serif; font-size: 14px; font-style: normal; font-variant-ligatures: normal; font-variant-caps: normal;\">\/hl\u00f6<\/span><\/strong><\/p><p>Annoksiin saa halutessa leiv\u00e4n ja levitteen.<\/p><\/div>\n\t\t\t\t<\/div>\n\t\t\t\t<\/div>\n\t\t\t\t<div class=\"elementor-element elementor-element-1e1b457 elementor-widget elementor-widget-image\" data-id=\"1e1b457\" data-element_type=\"widget\" data-widget_type=\"image.default\">\n\t\t\t\t<div class=\"elementor-widget-container\">\n\t\t\t\t\t<div class=\"elementor-image\">\n\t\t\t\t\t\t\t<figure class=\"wp-caption\">\n\t\t\t\t\t\t\t\t\t\t<img loading=\"lazy\" decoding=\"async\" width=\"1024\" height=\"626\" src=\"https:\/\/forssankeilahalli.fi\/Jape\/wp-content\/uploads\/2021\/01\/kabinetti2-1024x626.jpg\" class=\"attachment-large size-large\" alt=\"\" srcset=\"https:\/\/forssankeilahalli.fi\/Jape\/wp-content\/uploads\/2021\/01\/kabinetti2-1024x626.jpg 1024w, https:\/\/forssankeilahalli.fi\/Jape\/wp-content\/uploads\/2021\/01\/kabinetti2-300x184.jpg 300w, https:\/\/forssankeilahalli.fi\/Jape\/wp-content\/uploads\/2021\/01\/kabinetti2-768x470.jpg 768w, https:\/\/forssankeilahalli.fi\/Jape\/wp-content\/uploads\/2021\/01\/kabinetti2.jpg 1200w\" sizes=\"auto, (max-width: 1024px) 100vw, 1024px\" \/>\t\t\t\t\t\t\t\t\t\t\t<figcaption class=\"widget-image-caption wp-caption-text\">Viihtyis\u00e4\u00e4n saunakabinettiin mahtuu jopa 30 henke\u00e4<\/figcaption>\n\t\t\t\t\t\t\t\t\t\t<\/figure>\n\t\t\t\t\t<\/div>\n\t\t\t\t<\/div>\n\t\t\t\t<\/div>\n\t\t\t\t\t\t<\/div>\n\t\t\t\t\t<\/div>\n\t\t<\/div>\n\t\t\t\t<div class=\"elementor-column elementor-col-50 elementor-inner-column elementor-element elementor-element-a084a9f\" data-id=\"a084a9f\" data-element_type=\"column\">\n\t\t\t<div class=\"elementor-column-wrap elementor-element-populated\">\n\t\t\t\t\t\t\t<div class=\"elementor-widget-wrap\">\n\t\t\t\t\t\t<div class=\"elementor-element elementor-element-5bbfefc elementor-widget elementor-widget-image\" data-id=\"5bbfefc\" data-element_type=\"widget\" data-widget_type=\"image.default\">\n\t\t\t\t<div class=\"elementor-widget-container\">\n\t\t\t\t\t<div class=\"elementor-image\">\n\t\t\t\t\t\t\t\t\t\t<img loading=\"lazy\" decoding=\"async\" width=\"1024\" height=\"768\" src=\"https:\/\/forssankeilahalli.fi\/Jape\/wp-content\/uploads\/2021\/01\/synttari-1024x768.jpg\" class=\"attachment-large size-large\" alt=\"\" srcset=\"https:\/\/forssankeilahalli.fi\/Jape\/wp-content\/uploads\/2021\/01\/synttari-1024x768.jpg 1024w, https:\/\/forssankeilahalli.fi\/Jape\/wp-content\/uploads\/2021\/01\/synttari-300x225.jpg 300w, https:\/\/forssankeilahalli.fi\/Jape\/wp-content\/uploads\/2021\/01\/synttari-768x576.jpg 768w, https:\/\/forssankeilahalli.fi\/Jape\/wp-content\/uploads\/2021\/01\/synttari-1536x1152.jpg 1536w, https:\/\/forssankeilahalli.fi\/Jape\/wp-content\/uploads\/2021\/01\/synttari-2048x1536.jpg 2048w\" sizes=\"auto, (max-width: 1024px) 100vw, 1024px\" \/>\t\t\t\t\t\t\t\t\t\t\t<\/div>\n\t\t\t\t<\/div>\n\t\t\t\t<\/div>\n\t\t\t\t<div class=\"elementor-element elementor-element-7976154 elementor-widget elementor-widget-heading\" data-id=\"7976154\" data-element_type=\"widget\" data-widget_type=\"heading.default\">\n\t\t\t\t<div class=\"elementor-widget-container\">\n\t\t\t<h2 class=\"elementor-heading-title elementor-size-default\">LASTEN SYNTT\u00c4RIJUHLAT<\/h2>\t\t<\/div>\n\t\t\t\t<\/div>\n\t\t\t\t<div class=\"elementor-element elementor-element-580feb1 elementor-widget elementor-widget-text-editor\" data-id=\"580feb1\" data-element_type=\"widget\" data-widget_type=\"text-editor.default\">\n\t\t\t\t<div class=\"elementor-widget-container\">\n\t\t\t\t\t<div class=\"elementor-text-editor elementor-clearfix\"><p><strong>Sis\u00e4lt\u00e4\u00e4:<\/strong><\/p><ul><li>Tunti keilausta ja tunti juhlintaa<\/li><li>Tarjottavana pikkupitsa tai hampurilainen, juustolla tai ilman (laktoositon)<\/li><li>P\u00e4\u00e4lle j\u00e4\u00e4tel\u00f6 (laktoositon)<\/li><li>Juotavana limonadi tai mehu 4 litraa<\/li><li>Sankarille muisto juhlasta<\/li><\/ul><p><strong>Hinta:<\/strong><\/p><ul><li><strong>140\u20ac<\/strong> sis\u00e4lt\u00e4\u00e4 12 hl\u00f6,<\/li><li>Lis\u00e4vieraat <strong>10\u20ac<\/strong>\/hl\u00f6<\/li><li>Hohtosyntym\u00e4p\u00e4iv\u00e4t <strong>160\u20ac<\/strong>. Pe &#8211; la klo 18 &#8211; 20<\/li><\/ul><\/div>\n\t\t\t\t<\/div>\n\t\t\t\t<\/div>\n\t\t\t\t<div class=\"elementor-element elementor-element-b649813 elementor-widget elementor-widget-heading\" data-id=\"b649813\" data-element_type=\"widget\" data-widget_type=\"heading.default\">\n\t\t\t\t<div class=\"elementor-widget-container\">\n\t\t\t<h2 class=\"elementor-heading-title elementor-size-default\">SYNTT\u00c4RIJUHLAT ILMAN HALLIN J\u00c4RJEST\u00c4M\u00c4\u00c4 VET\u00c4J\u00c4\u00c4<\/h2>\t\t<\/div>\n\t\t\t\t<\/div>\n\t\t\t\t<div class=\"elementor-element elementor-element-0539ebc elementor-widget elementor-widget-text-editor\" data-id=\"0539ebc\" data-element_type=\"widget\" data-widget_type=\"text-editor.default\">\n\t\t\t\t<div class=\"elementor-widget-container\">\n\t\t\t\t\t<div class=\"elementor-text-editor elementor-clearfix\"><p><strong>Hinta 5\u20ac\/hl\u00f6<\/strong><\/p><ul><li>Pikkupitsa ja j\u00e4\u00e4tel\u00f6<\/li><li>Limonadikannu <strong>6\u20ac<\/strong>, mehukannu <strong>4\u20ac<\/strong><\/li><li>Keilaus hinnaston mukaan + kenk\u00e4vuokra <strong>1.50\u20ac<\/strong><\/li><li>Tilavuokraa ei perit\u00e4<\/li><li>Tilan siivous ei sis\u00e4lly hintaan<\/li><\/ul><\/div>\n\t\t\t\t<\/div>\n\t\t\t\t<\/div>\n\t\t\t\t<div class=\"elementor-element elementor-element-c13b9a7 elementor-align-center elementor-widget__width-inherit elementor-widget elementor-widget-button\" data-id=\"c13b9a7\" data-element_type=\"widget\" data-widget_type=\"button.default\">\n\t\t\t\t<div class=\"elementor-widget-container\">\n\t\t\t\t\t<div class=\"elementor-button-wrapper\">\n\t\t\t<a href=\"http:\/\/forssankeilahalli.vkalenteri.net\/public.php\" target=\"_blank\" class=\"elementor-button-link elementor-button elementor-size-md\" role=\"button\">\n\t\t\t\t\t\t<span class=\"elementor-button-content-wrapper\">\n\t\t\t\t\t\t<span class=\"elementor-button-icon elementor-align-icon-left\">\n\t\t\t\t<i aria-hidden=\"true\" class=\"far fa-calendar-alt\"><\/i>\t\t\t<\/span>\n\t\t\t\t\t\t<span class=\"elementor-button-text\">VARAUSKALENTERIIN \u25b8<\/span>\n\t\t<\/span>\n\t\t\t\t\t<\/a>\n\t\t<\/div>\n\t\t\t\t<\/div>\n\t\t\t\t<\/div>\n\t\t\t\t\t\t<\/div>\n\t\t\t\t\t<\/div>\n\t\t<\/div>\n\t\t\t\t\t\t\t\t<\/div>\n\t\t\t\t\t<\/div>\n\t\t<\/section>\n\t\t\t\t\t\t<\/div>\n\t\t\t\t\t<\/div>\n\t\t<\/div>\n\t\t\t\t\t\t\t\t<\/div>\n\t\t\t\t\t<\/div>\n\t\t<\/section>\n\t\t\t\t\t\t<\/div>\n\t\t\t\t\t\t<\/div>\n\t\t\t\t\t<\/div>\n\t\t","protected":false},"excerpt":{"rendered":"<p>Kokoukset, syntt\u00e4rit, pikkujoulut tai ihan vain kaveriporukan saunailta! Saunakabinetti ja sauna muodostavat mainiot tilat illanvietolle. Tiloihin sopii noin 30 henke\u00e4. Saunan aukiolo ei ole sidottu hallin aukioloon, vaan kaikki on joustavasti sovittavissa. Meill\u00e4 on oma syntt\u00e4rihuone, jossa lapset voivat pit\u00e4\u00e4 juhlat.\u00a0Syntt\u00e4rihuone muuntuu tarvittaessa kokous- \/ koulutustilaksi. HINNASTO Saunan vuokra 290\u20ac\/ilta.Jos yhdist\u00e4t saunomiseen keilailun tai tilaat [&hellip;]<\/p>\n","protected":false},"author":1,"featured_media":0,"parent":0,"menu_order":0,"comment_status":"closed","ping_status":"closed","template":"elementor_header_footer","meta":{"footnotes":""},"class_list":["post-142","page","type-page","status-publish","hentry","entry"],"_links":{"self":[{"href":"https:\/\/forssankeilahalli.fi\/Jape\/wp-json\/wp\/v2\/pages\/142","targetHints":{"allow":["GET"]}}],"collection":[{"href":"https:\/\/forssankeilahalli.fi\/Jape\/wp-json\/wp\/v2\/pages"}],"about":[{"href":"https:\/\/forssankeilahalli.fi\/Jape\/wp-json\/wp\/v2\/types\/page"}],"author":[{"embeddable":true,"href":"https:\/\/forssankeilahalli.fi\/Jape\/wp-json\/wp\/v2\/users\/1"}],"replies":[{"embeddable":true,"href":"https:\/\/forssankeilahalli.fi\/Jape\/wp-json\/wp\/v2\/comments?post=142"}],"version-history":[{"count":25,"href":"https:\/\/forssankeilahalli.fi\/Jape\/wp-json\/wp\/v2\/pages\/142\/revisions"}],"predecessor-version":[{"id":503,"href":"https:\/\/forssankeilahalli.fi\/Jape\/wp-json\/wp\/v2\/pages\/142\/revisions\/503"}],"wp:attachment":[{"href":"https:\/\/forssankeilahalli.fi\/Jape\/wp-json\/wp\/v2\/media?parent=142"}],"curies":[{"name":"wp","href":"https:\/\/api.w.org\/{rel}","templated":true}]}}